{"id":9,"date":"2015-07-30T01:52:14","date_gmt":"2015-07-30T01:52:14","guid":{"rendered":"http:\/\/lasbuenasylasmalas.com.ar\/?page_id=9"},"modified":"2015-08-09T00:03:06","modified_gmt":"2015-08-09T00:03:06","slug":"tecnologia","status":"publish","type":"page","link":"https:\/\/lasbuenasylasmalas.com.ar\/index.php\/tecnologia\/","title":{"rendered":"Tecnolog\u00eda"},"content":{"rendered":"<p><a href=\"https:\/\/lasbuenasylasmalas.com.ar\/wp-content\/uploads\/2015\/08\/Banner-Animado.gif\"><img loading=\"lazy\" decoding=\"async\" class=\"alignleft size-full wp-image-213\" src=\"https:\/\/lasbuenasylasmalas.com.ar\/wp-content\/uploads\/2015\/08\/Banner-Animado.gif\" alt=\"Banner-Animado\" width=\"735\" height=\"250\" \/><\/a><\/p>\n<h3 style=\"text-align: center;\">En esta secci\u00f3n encontrar\u00e1s todas las noticias que tratamos en el programa en materia de computaci\u00f3n, gadgets, telefon\u00eda y m\u00e1s.<\/h3>\n<h3 style=\"text-align: center;\">Si estas interasado en alg\u00fan tema en particular, dirigite al men\u00fa para seleccionarlo o elige la categoria que desees leer.<\/h3>\n<!-- AddThis Advanced Settings generic via filter on the_content --><!-- AddThis Share Buttons generic via filter on the_content --><!-- AddThis Related Posts generic via filter on the_content -->","protected":false},"excerpt":{"rendered":"<p>En esta secci\u00f3n encontrar\u00e1s todas las noticias que tratamos en el programa en materia de computaci\u00f3n, gadgets, telefon\u00eda y m\u00e1s. Si estas interasado en alg\u00fan tema en particular, dirigite al men\u00fa para seleccionarlo o elige la categoria que desees leer.<!-- AddThis Advanced Settings generic via filter on get_the_excerpt --><!-- AddThis Share Buttons generic via filter on get_the_excerpt --><!-- AddThis Related Posts generic via filter on get_the_excerpt --><\/p>\n","protected":false},"author":1,"featured_media":0,"parent":0,"menu_order":2,"comment_status":"closed","ping_status":"closed","template":"","meta":{"rating_form_position":"","rating_results_position":"","mr_structured_data_type":"","footnotes":""},"class_list":["post-9","page","type-page","status-publish","hentry"],"yoast_head":"<!-- This site is optimized with the Yoast SEO plugin v27.4 - https:\/\/yoast.com\/product\/yoast-seo-wordpress\/ -->\n<title>Tecnolog\u00eda -<\/title>\n<meta name=\"robots\" content=\"index, follow, max-snippet:-1, max-image-preview:large, max-video-preview:-1\" \/>\n<link rel=\"canonical\" href=\"https:\/\/lasbuenasylasmalas.com.ar\/index.php\/tecnologia\/\" \/>\n<meta property=\"og:locale\" content=\"es_ES\" \/>\n<meta property=\"og:type\" content=\"article\" \/>\n<meta property=\"og:title\" content=\"Tecnolog\u00eda -\" \/>\n<meta property=\"og:description\" content=\"En esta secci\u00f3n encontrar\u00e1s todas las noticias que tratamos en el programa en materia de computaci\u00f3n, gadgets, telefon\u00eda y m\u00e1s. Si estas interasado en alg\u00fan tema en particular, dirigite al men\u00fa para seleccionarlo o elige la categoria que desees leer.\" \/>\n<meta property=\"og:url\" content=\"https:\/\/lasbuenasylasmalas.com.ar\/index.php\/tecnologia\/\" \/>\n<meta property=\"article:publisher\" content=\"https:\/\/www.facebook.com\/lasbuenasylasmalasradio\/\" \/>\n<meta property=\"article:modified_time\" content=\"2015-08-09T00:03:06+00:00\" \/>\n<meta property=\"og:image\" content=\"https:\/\/lasbuenasylasmalas.com.ar\/wp-content\/uploads\/2015\/08\/Banner-Animado.gif\" \/>\n\t<meta property=\"og:image:width\" content=\"735\" \/>\n\t<meta property=\"og:image:height\" content=\"250\" \/>\n\t<meta property=\"og:image:type\" content=\"image\/gif\" \/>\n<meta name=\"twitter:card\" content=\"summary_large_image\" \/>\n<meta name=\"twitter:site\" content=\"@buenasymalasrad\" \/>\n<script type=\"application\/ld+json\" class=\"yoast-schema-graph\">{\"@context\":\"https:\\\/\\\/schema.org\",\"@graph\":[{\"@type\":\"WebPage\",\"@id\":\"https:\\\/\\\/lasbuenasylasmalas.com.ar\\\/index.php\\\/tecnologia\\\/\",\"url\":\"https:\\\/\\\/lasbuenasylasmalas.com.ar\\\/index.php\\\/tecnologia\\\/\",\"name\":\"Tecnolog\u00eda -\",\"isPartOf\":{\"@id\":\"https:\\\/\\\/lasbuenasylasmalas.com.ar\\\/#website\"},\"primaryImageOfPage\":{\"@id\":\"https:\\\/\\\/lasbuenasylasmalas.com.ar\\\/index.php\\\/tecnologia\\\/#primaryimage\"},\"image\":{\"@id\":\"https:\\\/\\\/lasbuenasylasmalas.com.ar\\\/index.php\\\/tecnologia\\\/#primaryimage\"},\"thumbnailUrl\":\"https:\\\/\\\/lasbuenasylasmalas.com.ar\\\/wp-content\\\/uploads\\\/2015\\\/08\\\/Banner-Animado.gif\",\"datePublished\":\"2015-07-30T01:52:14+00:00\",\"dateModified\":\"2015-08-09T00:03:06+00:00\",\"breadcrumb\":{\"@id\":\"https:\\\/\\\/lasbuenasylasmalas.com.ar\\\/index.php\\\/tecnologia\\\/#breadcrumb\"},\"inLanguage\":\"es\",\"potentialAction\":[{\"@type\":\"ReadAction\",\"target\":[\"https:\\\/\\\/lasbuenasylasmalas.com.ar\\\/index.php\\\/tecnologia\\\/\"]}]},{\"@type\":\"ImageObject\",\"inLanguage\":\"es\",\"@id\":\"https:\\\/\\\/lasbuenasylasmalas.com.ar\\\/index.php\\\/tecnologia\\\/#primaryimage\",\"url\":\"https:\\\/\\\/lasbuenasylasmalas.com.ar\\\/wp-content\\\/uploads\\\/2015\\\/08\\\/Banner-Animado.gif\",\"contentUrl\":\"https:\\\/\\\/lasbuenasylasmalas.com.ar\\\/wp-content\\\/uploads\\\/2015\\\/08\\\/Banner-Animado.gif\",\"width\":735,\"height\":250},{\"@type\":\"BreadcrumbList\",\"@id\":\"https:\\\/\\\/lasbuenasylasmalas.com.ar\\\/index.php\\\/tecnologia\\\/#breadcrumb\",\"itemListElement\":[{\"@type\":\"ListItem\",\"position\":1,\"name\":\"Portada\",\"item\":\"https:\\\/\\\/lasbuenasylasmalas.com.ar\\\/\"},{\"@type\":\"ListItem\",\"position\":2,\"name\":\"Tecnolog\u00eda\"}]},{\"@type\":\"WebSite\",\"@id\":\"https:\\\/\\\/lasbuenasylasmalas.com.ar\\\/#website\",\"url\":\"https:\\\/\\\/lasbuenasylasmalas.com.ar\\\/\",\"name\":\"Las buenas y las malas\",\"description\":\"INTERES GENERAL, INFORMACION Y OPINION\",\"publisher\":{\"@id\":\"https:\\\/\\\/lasbuenasylasmalas.com.ar\\\/#organization\"},\"potentialAction\":[{\"@type\":\"SearchAction\",\"target\":{\"@type\":\"EntryPoint\",\"urlTemplate\":\"https:\\\/\\\/lasbuenasylasmalas.com.ar\\\/?s={search_term_string}\"},\"query-input\":{\"@type\":\"PropertyValueSpecification\",\"valueRequired\":true,\"valueName\":\"search_term_string\"}}],\"inLanguage\":\"es\"},{\"@type\":\"Organization\",\"@id\":\"https:\\\/\\\/lasbuenasylasmalas.com.ar\\\/#organization\",\"name\":\"Las buenas y las malas\",\"url\":\"https:\\\/\\\/lasbuenasylasmalas.com.ar\\\/\",\"logo\":{\"@type\":\"ImageObject\",\"inLanguage\":\"es\",\"@id\":\"https:\\\/\\\/lasbuenasylasmalas.com.ar\\\/#\\\/schema\\\/logo\\\/image\\\/\",\"url\":\"https:\\\/\\\/lasbuenasylasmalas.com.ar\\\/wp-content\\\/uploads\\\/2017\\\/02\\\/LBLM_PortadaTwitter.jpg\",\"contentUrl\":\"https:\\\/\\\/lasbuenasylasmalas.com.ar\\\/wp-content\\\/uploads\\\/2017\\\/02\\\/LBLM_PortadaTwitter.jpg\",\"width\":6250,\"height\":2083,\"caption\":\"Las buenas y las malas\"},\"image\":{\"@id\":\"https:\\\/\\\/lasbuenasylasmalas.com.ar\\\/#\\\/schema\\\/logo\\\/image\\\/\"},\"sameAs\":[\"https:\\\/\\\/www.facebook.com\\\/lasbuenasylasmalasradio\\\/\",\"https:\\\/\\\/x.com\\\/buenasymalasrad\",\"http:\\\/\\\/lasbuebasylasmalas\"]}]}<\/script>\n<!-- \/ Yoast SEO plugin. -->","yoast_head_json":{"title":"Tecnolog\u00eda -","robots":{"index":"index","follow":"follow","max-snippet":"max-snippet:-1","max-image-preview":"max-image-preview:large","max-video-preview":"max-video-preview:-1"},"canonical":"https:\/\/lasbuenasylasmalas.com.ar\/index.php\/tecnologia\/","og_locale":"es_ES","og_type":"article","og_title":"Tecnolog\u00eda -","og_description":"En esta secci\u00f3n encontrar\u00e1s todas las noticias que tratamos en el programa en materia de computaci\u00f3n, gadgets, telefon\u00eda y m\u00e1s. Si estas interasado en alg\u00fan tema en particular, dirigite al men\u00fa para seleccionarlo o elige la categoria que desees leer.","og_url":"https:\/\/lasbuenasylasmalas.com.ar\/index.php\/tecnologia\/","article_publisher":"https:\/\/www.facebook.com\/lasbuenasylasmalasradio\/","article_modified_time":"2015-08-09T00:03:06+00:00","og_image":[{"width":735,"height":250,"url":"https:\/\/lasbuenasylasmalas.com.ar\/wp-content\/uploads\/2015\/08\/Banner-Animado.gif","type":"image\/gif"}],"twitter_card":"summary_large_image","twitter_site":"@buenasymalasrad","schema":{"@context":"https:\/\/schema.org","@graph":[{"@type":"WebPage","@id":"https:\/\/lasbuenasylasmalas.com.ar\/index.php\/tecnologia\/","url":"https:\/\/lasbuenasylasmalas.com.ar\/index.php\/tecnologia\/","name":"Tecnolog\u00eda -","isPartOf":{"@id":"https:\/\/lasbuenasylasmalas.com.ar\/#website"},"primaryImageOfPage":{"@id":"https:\/\/lasbuenasylasmalas.com.ar\/index.php\/tecnologia\/#primaryimage"},"image":{"@id":"https:\/\/lasbuenasylasmalas.com.ar\/index.php\/tecnologia\/#primaryimage"},"thumbnailUrl":"https:\/\/lasbuenasylasmalas.com.ar\/wp-content\/uploads\/2015\/08\/Banner-Animado.gif","datePublished":"2015-07-30T01:52:14+00:00","dateModified":"2015-08-09T00:03:06+00:00","breadcrumb":{"@id":"https:\/\/lasbuenasylasmalas.com.ar\/index.php\/tecnologia\/#breadcrumb"},"inLanguage":"es","potentialAction":[{"@type":"ReadAction","target":["https:\/\/lasbuenasylasmalas.com.ar\/index.php\/tecnologia\/"]}]},{"@type":"ImageObject","inLanguage":"es","@id":"https:\/\/lasbuenasylasmalas.com.ar\/index.php\/tecnologia\/#primaryimage","url":"https:\/\/lasbuenasylasmalas.com.ar\/wp-content\/uploads\/2015\/08\/Banner-Animado.gif","contentUrl":"https:\/\/lasbuenasylasmalas.com.ar\/wp-content\/uploads\/2015\/08\/Banner-Animado.gif","width":735,"height":250},{"@type":"BreadcrumbList","@id":"https:\/\/lasbuenasylasmalas.com.ar\/index.php\/tecnologia\/#breadcrumb","itemListElement":[{"@type":"ListItem","position":1,"name":"Portada","item":"https:\/\/lasbuenasylasmalas.com.ar\/"},{"@type":"ListItem","position":2,"name":"Tecnolog\u00eda"}]},{"@type":"WebSite","@id":"https:\/\/lasbuenasylasmalas.com.ar\/#website","url":"https:\/\/lasbuenasylasmalas.com.ar\/","name":"Las buenas y las malas","description":"INTERES GENERAL, INFORMACION Y OPINION","publisher":{"@id":"https:\/\/lasbuenasylasmalas.com.ar\/#organization"},"potentialAction":[{"@type":"SearchAction","target":{"@type":"EntryPoint","urlTemplate":"https:\/\/lasbuenasylasmalas.com.ar\/?s={search_term_string}"},"query-input":{"@type":"PropertyValueSpecification","valueRequired":true,"valueName":"search_term_string"}}],"inLanguage":"es"},{"@type":"Organization","@id":"https:\/\/lasbuenasylasmalas.com.ar\/#organization","name":"Las buenas y las malas","url":"https:\/\/lasbuenasylasmalas.com.ar\/","logo":{"@type":"ImageObject","inLanguage":"es","@id":"https:\/\/lasbuenasylasmalas.com.ar\/#\/schema\/logo\/image\/","url":"https:\/\/lasbuenasylasmalas.com.ar\/wp-content\/uploads\/2017\/02\/LBLM_PortadaTwitter.jpg","contentUrl":"https:\/\/lasbuenasylasmalas.com.ar\/wp-content\/uploads\/2017\/02\/LBLM_PortadaTwitter.jpg","width":6250,"height":2083,"caption":"Las buenas y las malas"},"image":{"@id":"https:\/\/lasbuenasylasmalas.com.ar\/#\/schema\/logo\/image\/"},"sameAs":["https:\/\/www.facebook.com\/lasbuenasylasmalasradio\/","https:\/\/x.com\/buenasymalasrad","http:\/\/lasbuebasylasmalas"]}]}},"multi-rating":{"mr_rating_results":[]},"_links":{"self":[{"href":"https:\/\/lasbuenasylasmalas.com.ar\/index.php\/wp-json\/wp\/v2\/pages\/9","targetHints":{"allow":["GET"]}}],"collection":[{"href":"https:\/\/lasbuenasylasmalas.com.ar\/index.php\/wp-json\/wp\/v2\/pages"}],"about":[{"href":"https:\/\/lasbuenasylasmalas.com.ar\/index.php\/wp-json\/wp\/v2\/types\/page"}],"author":[{"embeddable":true,"href":"https:\/\/lasbuenasylasmalas.com.ar\/index.php\/wp-json\/wp\/v2\/users\/1"}],"replies":[{"embeddable":true,"href":"https:\/\/lasbuenasylasmalas.com.ar\/index.php\/wp-json\/wp\/v2\/comments?post=9"}],"version-history":[{"count":5,"href":"https:\/\/lasbuenasylasmalas.com.ar\/index.php\/wp-json\/wp\/v2\/pages\/9\/revisions"}],"predecessor-version":[{"id":229,"href":"https:\/\/lasbuenasylasmalas.com.ar\/index.php\/wp-json\/wp\/v2\/pages\/9\/revisions\/229"}],"wp:attachment":[{"href":"https:\/\/lasbuenasylasmalas.com.ar\/index.php\/wp-json\/wp\/v2\/media?parent=9"}],"curies":[{"name":"wp","href":"https:\/\/api.w.org\/{rel}","templated":true}]}}